?
True
Is 13645 a prime number?
False
Is 326717 a composite number?
True
Is 1452377 composite?
False
Is 275627 composite?
True
Is 189637 a prime number?
False
Is 2581 a prime number?
False
Is 4353 a prime number?
False
Is 9517 a prime number?
False
Is 702617 a prime number?
False
Is 193327 a composite number?
False
Is 44987 prime?
True
Is 462499 prime?
True
Is 633 prime?
False
Is 1499 a prime number?
True
Is 342863 a composite number?
False
Is 142009 composite?
True
Is 2813 a composite number?
True
Is 101267 a prime number?
True
Is 15403 composite?
True
Is 530903 prime?
False
Is 3802309 composite?
True
Is 97979 prime?
False
Is 226927 prime?
False
Is 118511 a composite number?
True
Is 13963 composite?
False
Is 2931 a prime number?
False
Is 78653 prime?
True
Is 3251 composite?
False
Is 1793 a prime number?
False
Is 546029 composite?
True
Is 101734 composite?
True
Is 3481 a composite number?
True
Is 283835 a prime number?
False
Is 1411 a prime number?
False
Is 354839 composite?
False
Is 307 composite?
False
Is 43417 a composite number?
True
Is 309359 prime?
True
Is 399433 a prime number?
True
Is 475885 composite?
True
Is 18283 prime?
False
Is 13069 composite?
True
Is 722287 composite?
False
Is 38113 a prime number?
True
Is 388051 prime?
True
Is 5939 a prime number?
True
Is 11957 a prime number?
False
Is 17399 prime?
False
Is 77489 a composite number?
False
Is 1553 composite?
False
Is 19967 a composite number?
True
Is 12667 prime?
False
Is 37871 a composite number?
False
Is 54751 a composite number?
False
Is 6197 a prime number?
True
Is 119902 a composite number?
True
Is 6145 a prime number?
False
Is 138701 composite?
True
Is 31471 composite?
True
Is 564827 a prime number?
True
Is 6667 composite?
True
Is 35897 a prime number?
True
Is 66901 composite?
True
Is 114713 a prime number?
True
Is 763921 a prime number?
True
Is 55763 a prime number?
True
Is 9127 prime?
True
Is 473 prime?
False
Is 441593 prime?
False
Is 7451 a prime number?
True
Is 291073 prime?
False
Is 744199 a prime number?
True
Is 18527 composite?
True
Is 1176869 a prime number?
True
Is 58371 composite?
True
Is 125669 prime?
True
Is 69878 a prime number?
False
Is 56755 composite?
True
Is 13963 a composite number?
False
Is 10306 composite?
True
Is 718 a prime number?
False
Is 13558 composite?
True
Is 462857 a composite number?
True
Is 128813 composite?
False
Is 1727 a composite number?
True
Is 3793 a prime number?
True
Is 2120453 prime?
True
Is 3622 a prime number?
False
Is 50909 prime?
True
Is 16249 a composite number?
False
Is 35381 prime?
True
Is 20589 composite?
True
Is 117617 composite?
False
Is 30161 a composite number?
False
Is 533905 prime?
False
Is 1540879 composite?
False
Is 55069 prime?
False
Is 25577 prime?
True
Is 3223 prime?
False
Is 3203 a prime number?
True
Is 13859 composite?
False
Is 13309 prime?
True
Is 1543 a composite number?
False
Is 1280739 prime?
False
Is 949849 composite?
False
Is 37337 composite?
False
Is 51433 composite?
True
Is 269131 composite?
False
Is 254413 a composite number?
False
Is 16909 composite?
True
Is 9901 a prime number?
True
Is 2927 a prime number?
True
Is 2485477 composite?
False
Is 87793 prime?
True
Is 7993 a composite number?
False
Is 24243 a prime number?
False
Is 5515 composite?
True
Is 35729 a composite number?
False
Is 34199 a composite number?
True
Is 69109 prime?
True
Is 1624913 composite?
False
Is 431005 prime?
False
Is 2836769 a composite number?
True
Is 50147 composite?
False
Is 178951 a prime number?
True
Is 536651 a prime number?
True
Is 4117 a prime number?
False
Is 2776301 a prime number?
False
Is 22123 prime?
True
Is 115129 a prime number?
False
Is 124861 a prime number?
False
Is 300557 a prime number?
True
Is 27785 composite?
True
Is 79 prime?
True
Is 671003 a prime number?
True
Is 43573 prime?
True
Is 16871 a prime number?
True
Is 307561 prime?
False
Is 375359 composite?
False
Is 18805 composite?
True
Is 129451 composite?
True
Is 6247 a prime number?
True
Is 3901 a prime number?
False
Is 196211 composite?
True
Is 63967 a prime number?
False
Is 127731 prime?
False
Is 581597 prime?
True
Is 933199 prime?
True
Is 15527 prime?
True
Is 13771 a composite number?
True
Is 16207 composite?
True
Is 245251 a composite number?
False
Is 1802791 prime?
True
Is 299803 a composite number?
True
Is 39313 a prime number?
True
Is 320791 a prime number?
True
Is 271657 a prime number?
True
Is 515481 composite?
True
Is 204427 a composite number?
False
Is 20153 composite?
True
Is 192701 a composite number?
True
Is 5311 a prime number?
False
Is 16699 a composite number?
False
Is 51059 a composite number?
False
Is 972823 a prime number?
True
Is 4561 prime?
True
Is 5053 a composite number?
True
Is 30641 prime?
False
Is 1532413 prime?
True
Is 34141 a prime number?
True
Is 94403 prime?
False
Is 14441 a prime number?
False
Is 5227 a prime number?
True
Is 7867 prime?
True
Is 6007 composite?
False
Is 635267 a prime number?
True
Is 31523 composite?
True
Is 10068127 a composite number?
False
Is 28733 prime?
False
Is 268487 a composite number?
False
Is 40371 prime?
False
Is 257 prime?
True
Is 5251 a composite number?
True
Is 10937 prime?
True
Is 10117 a composite number?
True
Is 278519 prime?
False
Is 3422669 prime?
True
Is 76579 prime?
True
Is 86381 a composite number?
False
Is 17126 composite?
True
Is 313879 a composite number?
False
Is 25405 composite?
True
Is 340283 composite?
False
Is 91997 a composite number?
False
Is 59601 composite?
True
Is 6166 composite?
True
Is 1357237 a prime number?
False
Is 11983 a composite number?
True
Is 18787 a prime number?
True
Is 1151 a prime number?
True
Is 1001113 composite?
True
Is 2597189 prime?
False
Is 1669 a prime number?
True
Is 3299 a prime number?
True
Is 1180631 a prime number?
True
Is 1949 a prime number?
True
Is 2404829 a composite number?
True
Is 7297 prime?
True
Is 137911 prime?
True
Is 1123987 composite?
True
Is 96553 a composite number?
False
Is 4267 a composite number?
True
Is 67763 a prime number?
True
Is 363797 composite?
True
Is 1559 composite?
False
Is 1516289 prime?
True
Is 41279 prime?
False
Is 12146 composite?
True
Is 1084298 composite?
True
Is 12097 a prime number?
True
Is 2633 composite?
False
Is 54251 composite?
False
Is 17039 a composite number?
True
Is 175519 a composite number?
False
Is 93787 prime?
True
Is 270281 prime?
False
Is 69841 prime?
False
Is 12473 prime?
True
Is 112505 a prime number?
False
Is 3128563 prime?
False
Is 387511 a composite number?
True
Is 12451 prime?
True
Is 14273 prime?
False
Is 128851 composite?
True
Is 47341 a prime number?
False
Is 777514 prime?
False
Is 294857 a composite number?
True
Is 1159997 a prime number?
True
Is 4721 a composite number?
False
Is 264311 prime?
False
Is 103513 a composite number?
True
Is 416071 a composite number?
False
Is 30335 a composite number?
True
Is 7057 prime?
True
Is 637231 a composite number?
True
Is 1861 a composite number?
False
Is 243517 a prime number?
True
Is 28319 a composite number?
False
Is 1339007 prime?
False
Is 4576235 composite?
True
Is 748687 composite?
False
Is 331 a composite number?
False
Is 84499 prime?
True
Is 25111 a prime number?
True
Is 17519 a composite number?
False
Is 15802 composite?
True
Is 8391 composite?
True
Is 24547 prime?
True
Is 21787 a prime number?
True
Is 9029 a prime number?
True
Is 3203 composite?
False
Is 13751 prime?
True
Is 1873409 a prime number?
True
Is 1639931 a composite number?
True
Is 90659 a prime number?
True
Is 446863 a prime number?
True
Is 27541 composite?
False
Is 32771 a prime number?
True
Is 212183 a composite number?
False
Is 64191 a prime number?
False
Is 21139 a prime number?
True
Is 707501 a composite number?
False
Is 22613 composite?
False
Is 1027 composite?
True
Is 13957 prime?
False
Is 54037 a composite number?
False
Is 347489 prime?
True
Is 24989 prime?
True
Is 118339 prime?
False
Is 23945 a composite number?
True
Is 9263 prime?
False
Is 3607 a composite number?
False
Is 314153 composite?
True
Is 307 a composite number?
False
Is 5599 composite?
True
Is 8203 a composite number?
True
Is 51533 composite?
True
Is 1359307 composite?
False
Is 19571 prime?
True
Is 2429477 a composite number?
True
Is 457943 composite?
False
Is 34807 composite?
False
Is 116639 a prime number?
T